Does 28 divide 46467?
False
Is 17754 a multiple of 66?
True
Is 286 a factor of 50050?
True
Does 12 divide 25224?
True
Is 2 a factor of 4439?
False
Does 53 divide 47382?
True
Does 162 divide 42930?
True
Does 13 divide 186?
False
Does 30 divide 870?
True
Is 157 a factor of 3454?
True
Does 30 divide 9930?
True
Does 14 divide 643?
False
Is 10500 a multiple of 20?
True
Is 204 a factor of 20256?
False
Is 30576 a multiple of 26?
True
Is 153 a factor of 16377?
False
Is 44 a factor of 50786?
False
Is 4 a factor of 540?
True
Does 2 divide 2223?
False
Is 74 a factor of 15544?
False
Is 4 a factor of 4?
True
Is 5920 a multiple of 12?
False
Does 18 divide 236?
False
Does 11 divide 1122?
True
Is 2299 a multiple of 53?
False
Does 17 divide 578?
True
Does 65 divide 130?
True
Is 145 a multiple of 10?
False
Is 2352 a multiple of 84?
True
Does 126 divide 5637?
False
Is 10 a factor of 70?
True
Does 33 divide 83?
False
Is 3 a factor of 183?
True
Is 71 a factor of 16752?
False
Is 360 a multiple of 10?
True
Is 3779 a multiple of 161?
False
Is 51 a factor of 6171?
True
Does 269 divide 85811?
True
Is 1680 a multiple of 30?
True
Is 29975 a multiple of 275?
True
Is 50140 a multiple of 115?
True
Is 77 a factor of 8146?
False
Does 15 divide 510?
True
Is 7126 a multiple of 91?
False
Does 11 divide 1215?
False
Does 44 divide 88836?
True
Is 311 a multiple of 14?
False
Is 30 a factor of 1350?
True
Is 17 a factor of 127?
False
Is 39 a factor of 312?
True
Does 17 divide 425?
True
Is 6236 a multiple of 238?
False
Is 16 a factor of 528?
True
Does 16 divide 752?
True
Is 14 a factor of 56935?
False
Is 2740 a multiple of 5?
True
Is 234 a factor of 12205?
False
Is 167 a factor of 8016?
True
Is 22 a factor of 2134?
True
Is 15238 a multiple of 19?
True
Does 43 divide 2623?
True
Does 53 divide 2809?
True
Does 55 divide 683?
False
Is 2 a factor of 522?
True
Is 22 a factor of 316?
False
Is 30 a factor of 230?
False
Is 2520 a multiple of 42?
True
Does 12 divide 684?
True
Is 30 a factor of 29359?
False
Is 8 a factor of 7437?
False
Is 34 a factor of 59682?
False
Is 26 a factor of 2886?
True
Is 142 a factor of 8236?
True
Is 774 a multiple of 31?
False
Is 14 a factor of 97027?
False
Does 90 divide 28530?
True
Does 33 divide 1160?
False
Does 11 divide 605?
True
Does 4 divide 1007?
False
Is 8 a factor of 30608?
True
Is 21 a factor of 11254?
False
Does 122 divide 6954?
True
Does 20 divide 169960?
True
Is 25 a factor of 785?
False
Does 50 divide 470?
False
Is 26 a factor of 6562?
False
Does 2 divide 1232?
True
Is 35 a factor of 280?
True
Does 40 divide 1321?
False
Does 32 divide 753?
False
Does 85 divide 9435?
True
Does 27 divide 10503?
True
Does 31 divide 82420?
False
Does 37 divide 11692?
True
Is 26790 a multiple of 47?
True
Is 1100 a multiple of 25?
True
Does 10 divide 29?
False
Is 5 a factor of 34829?
False
Is 56 a multiple of 4?
True
Does 212 divide 5111?
False
Does 17 divide 119?
True
Is 2297 a multiple of 11?
False
Does 30 divide 4920?
True
Is 1434 a multiple of 39?
False
Is 29737 a multiple of 131?
True
Is 946 a multiple of 17?
False
Is 24 a factor of 2304?
True
Is 7858 a multiple of 90?
False
Is 9294 a multiple of 9?
False
Is 7761 a multiple of 285?
False
Is 275 a multiple of 2?
False
Is 9 a factor of 14841?
True
Does 15 divide 9000?
True
Is 16492 a multiple of 133?
True
Does 16 divide 134?
False
Is 142777 a multiple of 41?
False
Does 24 divide 46009?
False
Does 3 divide 1376?
False
Does 38 divide 10032?
True
Is 4393 a multiple of 48?
False
Is 7 a factor of 11256?
True
Does 14 divide 840?
True
Is 275 a multiple of 5?
True
Does 3 divide 78?
True
Is 128148 a multiple of 118?
True
Is 5 a factor of 4719?
False
Is 75 a factor of 90000?
True
Is 312 a factor of 184704?
True
Is 1200 a multiple of 80?
True
Is 197 even?
False
Does 54 divide 215?
False
Is 5 a factor of 1329?
False
Is 1179 a multiple of 20?
False
Is 2658 a multiple of 94?
False
Is 9 a factor of 1017?
True
Does 8 divide 157?
False
Is 142 a factor of 57944?
False
Does 2 divide 1196?
True
Does 10 divide 138?
False
Is 113 a factor of 9943?
False
Is 658 a multiple of 94?
True
Is 647 a multiple of 2?
False
Is 4794 a multiple of 47?
True
Is 39 a factor of 2062?
False
Does 119 divide 4680?
False
Is 4084 a multiple of 4?
True
Is 13 a factor of 4765?
False
Is 26894 a multiple of 238?
True
Does 15 divide 3180?
True
Does 20 divide 18420?
True
Does 51 divide 1917?
False
Is 10 a factor of 44187?
False
Does 23 divide 261?
False
Is 5 a factor of 10361?
False
Does 9 divide 2281?
False
Is 6 a factor of 10344?
True
Does 7 divide 21861?
True
Is 405 a multiple of 81?
True
Is 4864 a multiple of 6?
False
Is 3 a factor of 216?
True
Is 17 a factor of 17466?
False
Does 3 divide 753?
True
Does 14 divide 1361?
False
Does 13 divide 50603?
False
Is 7 a factor of 7131?
False
Does 11 divide 1012?
True
Is 131 a multiple of 12?
False
Does 34 divide 15053?
False
Is 517 a multiple of 2?
False
Is 2744 a multiple of 17?
False
Is 2940 a multiple of 60?
True
Is 77 a factor of 8316?
True
Does 6 divide 60606?
True
Is 57 a factor of 1855?
False
Does 16 divide 11095?
False
Does 7 divide 11641?
True
Does 60 divide 16920?
True
Is 95 a factor of 100700?
True
Is 10 a factor of 8032?
False
Is 49 a factor of 362?
False
Is 101361 a multiple of 13?
True
Is 86 a factor of 30121?
False
Is 119 a factor of 37955?
False
Is 32 a factor of 5055?
False
Is 5 a factor of 5300?
True
Does 28 divide 2378?
False
Is 1209 a multiple of 39?
True
Is 775 a multiple of 13?
False
Does 13 divide 624?
True
Is 17 a factor of 2872?
False
Is 29 a factor of 30392?
True
Is 4 a factor of 1771?
False
Is 43588 a multiple of 105?
False
Is 225 a multiple of 25?
True
Is 79 a factor of 1825?
False
Does 13 divide 2650?
False
Is 20 a factor of 526?
False
Is 54 a factor of 5076?
True
Does 35 divide 1155?
True
Is 1848 a multiple of 66?
True
Does 192 divide 1771?
False
Does 6 divide 5484?
True
Does 166 divide 273?
False
Is 44 a factor of 44?
True
Is 76 a factor of 380?
True
Is 450 a multiple of 18?
True
Is 104 a factor of 41218?
False
Is 1428 a multiple of 84?
True
Does 46 divide 5948?
False
Is 10 a factor of 859?
False
Is 4968 a multiple of 24?
True
Is 12 a factor of 3815?
False
Is 27 a factor of 1107?
True
Is 5 a factor of 5?
True
Is 48 a factor of 1174?
False
Is 12320 a multiple of 56?
True
Is 14 a factor of 7917?
False
Is 4 a factor of 19038?
False
Is 123 a factor of 10887?
False
Does 16 divide 2300?
False
Is 209 a multiple of 6?
False
Does 33 divide 85642?
False
Is 18 a factor of 2521?
False
Is 56 a factor of 896?
True
Is 10 a factor of 2525?
False
Is 14245 a multiple of 5?
True
Is 83 a factor of 747?
True
Is 5829 a multiple of 67?
True
Is 17 a factor of 13084?
False
Is 3906 a multiple of 29?
False
Does 24 divide 10632?
True
Is 16 a factor of 637?
False
Does 13 divide 2217?
False
Does 35 divide 4606?
False
Does 13 divide 396?
False
Does 88 divide 68030?
False
Does 40 divide 11903?
False
Is 6 a factor of 3368?
False
Is 224 a multiple of 7?
True
Is 7882 a multiple of 16?
False
Does 74 divide 4958?
True
Is 19 a factor of 931?
True
Is 83 a factor of 35144?
False
Does 9 divide 9396?
True
Is 20 a factor of 3585?
False
Is 5 a factor of 670?
True
Is 23 a factor of 106?
False
Is 97 a factor of 4762?
False
Does 55 divide 21120?
True
Does 10 divide 49?
False
Does 108 divide 1221?
False
Is 43831 a multiple of 53?
True
Is 16 a factor of 10587?
False
Is 133 even?
False
Is 33 a factor of 10791?
True
Is 468 a multiple of 4?
True
Is 40 a factor of 1587?
False
Is 15 a factor of 570?
True
Is 1408 a multiple of 16?
True
Does 3 divide 1724?
False
Is 7521 a multiple of 109?
True
Is 4080 a multiple of 10?
True
Is 12 a factor of 5556?
True
Does 6 divide 4081?
False
Does 299 divide 33585?
False
Does 147 divide 3381?
True
Does 44 divide 365?
False
Is 21436 a multiple of 23?
True
Does 31 divide 248?
True
Is 182 a multiple of 21?
False
Is 13 a factor of 4914?
True
Is 24 a factor of 514?
False
Does 20 divide 5100?
True
Is 35 a factor of 53798?
False
Is 56 even?
True
Is 396 a multiple of 21?
False
Is 9 a factor of 21456?
True
Does 22 divide 553?
False
Does 22 divide 63316?
True
Does 202 divide 28935?
False
Is 258 a multiple of 26?
False
Does 20 divide 449?
False
Is 6518 a multiple of 48?
False
Is 2512 a multiple of 2?
True
Is 433 a multiple of 